 = -0*f + 72. What is the remainder when j is divided by d?
3
Suppose 30 = -3*y + 5*y. Let n = y - 11. Suppose r - 3*t = -t - 6, 4*t = n*r + 8. Calculate the remainder when 4 is divided by r.
0
Let j(z) = z**2 + 2*z + 2. Suppose 11 = 4*o + 3. Suppose 0 = a + o. Calculate the remainder when j(a) is divided by 1.
0
Suppose -l = 4*x - 0*x + 18, 3*x - 2*l + 8 = 0. Let o = x - -11. Suppose -o*c = -3*c - 68. What is the remainder when 49 is divided by c?
15
Let o = 8 + -4. Suppose -13*a + 11*a = -o. What is the remainder when 7 is divided by a?
1
Let y = -1 - -1. Suppose 28 = o - y*o. What is the remainder when o is divided by 15?
13
Suppose -3*s - 24 = 5*f - 90, -2*f = -5*s + 141. Let y = 15 - 8. Let z = 21 - y. What is the remainder when s is divided by z?
13
Let m(x) = 6*x - 1. What is the remainder when 50 is divided by m(3)?
16
Suppose 0 = -3*x + 8*x + 5*z - 35, 4*z + 2 = 2*x. Let r = 13 - x. What is the remainder when ((-2)/3)/((-2)/90) is divided by r?
6
Suppose 16*y - 23*y + 133 = 0. What is the remainder when y is divided by 9?
1
Let i(l) = l**3 + l**2 - 3*l. Suppose 5*n - 3 = 4*n. What is the remainder when i(n) is divided by 14?
13
Suppose -4*m = -3*i - 11, -4*i + 3*m - 5 + 2 = 0. Suppose 0 = 5*r + 2*w - 121, -3*w + 55 = -i*r + 5*r. Calculate the remainder when r is divided by 12.
11
Suppose 0 = -k + 3*k - 50. Let i = k + -13. Let h = 56 - 34. What is the remainder when h is divided by i?
10
Let y be ((-106)/2)/((-3)/15). Suppose 0 = -2*z - 3*z + y. Suppose 0 = r + r - 5*b - 51, 3*b = 2*r - z. What is the remainder when r is divided by 10?
8
Suppose 3*s = 5*s. Let w = s + 4. Calculate the remainder when 23 is divided by (-168)/(-27) - w/18.
5
Suppose 5*j - 5*w - 55 = 0, -5*j + 0*j + 10 = 4*w. Suppose j*n - 173 = 2*n + 5*r, -n + 42 = -r. Calculate the remainder when n is divided by 38/3 + 3/9.
11
What is the remainder when (2 - 2/2)*1 - -3 is divided by (-7)/(-2) - 2/4?
1
Suppose 0 = 5*d - 5*w + 10, -4*d + 0*d - 5 = -3*w. What is the remainder when -5 + 5 + 22*d is divided by 12?
10
Let a = 5 + 7. Suppose 3*i + 49 = 148. Calculate the remainder when i is divided by a.
9
Let i(r) = -r**3 - r**2 - r + 4. Suppose -2*s = 3*s + 140. Let z = s - -39. What is the remainder when z is divided by i(0)?
3
Let v(g) = -4*g - 7. What is the remainder when v(-6) is divided by 5?
2
Let r(c) = -c**2 + 10*c - 6. Calculate the remainder when 89 is divided by r(6).
17
Let s be -5 + (-6)/3 + 1. Let g(q) = q**2 + 4*q - 8. Let h be g(s). Suppose -h*t + 42 = -t. Calculate the remainder when t is divided by 8.
6
Let i be (-4 + 2)/((-2)/33). What is the remainder when i + 2/6*0 is divided by 17?
16
Suppose -1 + 5 = n, 2*v - 34 = -4*n. Calculate the remainder when 33 is divided by v.
6
Suppose -2*z - 2*z + 5*n + 33 = 0, 5*z = n + 36. Let w(h) = 10*h - 4 - 2*h**2 + h**2 + 0*h. Calculate the remainder when w(6) is divided by z.
6
Suppose 0 = 5*y, -g - 4*y + y + 7 = 0. What is the remainder when 10 is divided by g?
3
Let n be (-2)/(-4) - 5/2. Let a = n - -15. Calculate the remainder when a is divided by 8.
5
Let m = -41 - -61. Suppose -3*l = -l - m. What is the remainder when 38 is divided by l?
8
Let p(d) = 59*d**2 - d + 1. Let c be p(1). Let l = -40 + c. Calculate the remainder when l is divided by 7.
5
Suppose -1 = -3*c + 5. Let u(m) = -m**2 + 3*m + 2. Let p = -1 + 3. Calculate the remainder when u(c) is divided by p.
0
Let h = -2 + 2. Suppose h = v - 2 - 2. Calculate the remainder when 14 is divided by v.
2
Let l = 4 + -22. What is the remainder when 31 is divided by 68/6 - (-6)/l?
9
Let c be 4 + -4 + 2 + 0. Suppose 3*r - 3 = c*r. What is the remainder when 5 is divided by r?
2
Let u(m) = m**3 - 7*m**2 + 6*m + 7. Calculate the remainder when 19 is divided by u(6).
5
What is the remainder when (56/10)/(24/60) is divided by ((-4)/(-8))/(1/10)?
4
Let a(v) = -v + 24. What is the remainder when 45 is divided by a(12)?
9
Suppose 5 + 9 = p. Let h be ((6*-1)/3)/(-1). Suppose -2*l = -6 - 4, 4*l - 70 = -h*b. What is the remainder when b is divided by p?
11
Let n = -15 - -28. What is the remainder when n is divided by 5?
3
Suppose 0*w - 192 = -5*q + 2*w, 5*w - 185 = -5*q. Calculate the remainder when q is divided by (-81)/(-9) + (-3 - (0 + -4)).
8
Suppose -8*t = -3*t - 10. Suppose -2*g - 3*g - 2 = -l, -2*l - t*g = -40. What is the remainder when l is divided by 9?
8
Let z(g) = g + 5. Let w be z(9). Let v = w + 24. What is the remainder when v is divided by 10?
8
Suppose 10 = -g + 6. What is the remainder when 2 - (g - (4 + -3)) is divided by -2 + 4*(-2 - -3)?
1
Let k(d) = 2*d**2 + d - 2. Calculate the remainder when 128 is divided by k(-5).
42
What is the remainder when 5*2/(-4)*102/(-5) is divided by 29?
22
Let i(m) = -m**3 - m**2 - 4*m + 84. What is the remainder when i(0) is divided by 34?
16
Let s = 25 + 42. Calculate the remainder when s is divided by 17.
16
Let o(i) = i**2 - 7*i + 10. Suppose -3*m - 5 + 23 = 0. Calculate the remainder when o(7) is divided by m.
4
Let b = -9 + 16. Suppose b*t + 92 = 4*a + 3*t, t = -3*a + 77. Calculate the remainder when a is divided by 7.
4
Let r be -1 + (7 - (-2)/(-1)). Suppose -28 = -r*q + 76. Let o(u) = u + 4. What is the remainder when q is divided by o(5)?
8
Let c(q) = -q**2 + 15*q + 6. Let a(x) = -4*x - 5. What is the remainder when c(12) is divided by a(-5)?
12
Suppose 2*c = g, 5*g - 4*g + 9 = 5*c. What is the remainder when g is divided by 2?
0
Suppose -8*z + 235 = -3*z. Suppose 22*o + 16 = 23*o. What is the remainder when z is divided by o?
15
Let j be 37/7 + 10/(-35). Suppose 24 = j*k + 4. Suppose -k*p = 4*l - 3*l - 27, -5*p - 2*l + 36 = 0. What is the remainder when 16 is divided by p?
4
Calculate the remainder when 6 is divided by (1 - 3) + (-5)/(-1).
0
Let m(f) be the third derivative of 17*f**4/24 + 3*f**2. Calculate the remainder when m(4) is divided by 23.
22
Let m = -3 + 4. Suppose 2*p - 29 = 5. Suppose -x - 4*z - 4 = -p, x = 2*z - 5. Calculate the remainder when x is divided by m.
0
Let a = -25 + 45. Calculate the remainder when 51 is divided by a.
11
Let k(g) = -3*g**3 - 4*g + 7. Let o be k(-5). What is the remainder when o/33 + (-2)/11 is divided by 5?
2
Let i = 17 + 15. Calculate the remainder when i is divided by 2/4 + (-21)/(-2).
10
Suppose 3*o = 5*o. Let b be (o/1)/(1*-2). Suppose b = i + i - 5*k - 59, 2*k + 68 = 2*i. Calculate the remainder when i is divided by 19.
18
Let v be 60/(-9)*6/(-4). Let t be (-20)/6*(-264)/v. Suppose 5*y - y = t. What is the remainder when y is divided by 6?
4
Let w = -37 + 48. Calculate the remainder when w is divided by (4/6)/(6/27).
2
What is the remainder when (3/(-9))/(8/(-1608)) is divided by 14?
11
Let p = -21 + 42. What is the remainder when p is divided by 2?
1
Suppose -15 = 5*l - 80. Let s = -19 + 13. Let q(f) = -f**3 - 4*f**2 + 7*f + 7. Calculate the remainder when q(s) is divided by l.
11
What is the remainder when (-79)/(-1) - (20 + -20) is divided by 16?
15
Let y = 17 + -12. Suppose 25 - 110 = -y*t. Suppose -4*z = -3*n - 1 - 13, n + 3*z = t. Calculate the remainder when n is divided by 1.
0
Let m(p) = -2*p**3 + p**2 - 13*p + 5. Let g(j) = -2*j**3 + 2*j**2 - 12*j + 5. Let t(z) = -6*g(z) + 5*m(z). What is the remainder when t(4) is divided by 10?
9
Let p(j) = 9*j**2 + 3*j - 1. Let c = 19 + 2. What is the remainder when p(2) is divided by c?
20
Let y be 48/9 - 1/3. Let o(s) = s**3 - 3*s**2 - 4*s - 5. What is the remainder when o(y) is divided by 9?
7
Suppose -5*w + 6*w = 1. Suppose 4*n = -0*n + 76. What is the remainder when 1*2*n - w is divided by 13?
11
Let q(n) = -n**3 + 6*n**2 + 9*n - 9. What is the remainder when 28 is divided by q(7)?
3
Suppose 5 = 5*l + 6*v - v, 1 = 3*l + 2*v. Let k(h) be the second derivative of -6*h**3 + 2*h. What is the remainder when k(l) is divided by 19?
17
Suppose -3*v = 5*p - 0*v - 14, 2*p - v = 10. Suppose -6*h = -4*t - p*h, -22 = 3*t + 4*h. What is the remainder when (25/(-2))/(t/4) is divided by 9?
7
Let h(r) = -r**2 + 15*r - 14. Let j be h(11). Suppose -2*z = y - 69, -2*z + 2*y + 84 - j = 0. What is the remainder when 93 is divided by z?
29
Suppose 1 = -2*k - 1. Let p = 8 - k. Let y(x) = x**3 - 10*x**2 + 10*x - 4. Calculate the remainder when p is divided by y(9).
4
What is the remainder when 23 is divided by (-54)/(-8) - ((-21)/4 - -5